 3 - p + 2 + 37*p**2. Let r be o(-1). Let w = 457 + r. What is the highest common divisor of 24 and w?
24
Let b = -2 - -10. Let k(a) = -6*a + 28. Let m be (-2 - -12)/(1 + -1 - 1). Let o be k(m). What is the greatest common divisor of b and o?
8
Let l = 1397 - 1273. What is the greatest common divisor of l and 16?
4
Suppose 4*y = 19*y - 1530. What is the highest common divisor of y and 153?
51
Let n = 1 + 74. Let i be 1/((-2)/(16/(-4))). Suppose -4*z - z + i*a = -148, 5*z = 4*a + 146. What is the greatest common factor of n and z?
15
Suppose 5*v + j - 28 = -13, -3*j + 13 = -v. Let k = v + 3. Let p(s) = 6*s - 6. Let g be p(k). Calculate the highest common factor of 3 and g.
3
Let o = 836 - 628. What is the highest common factor of 26 and o?
26
Suppose 0 = -5*n + 17 - 2. Let j be (n/1 + -21)*-1. Let h = j - -30. What is the highest common divisor of h and 6?
6
Let z = -946 + 951. Calculate the highest common divisor of z and 125.
5
Suppose -d - 3*v + 1 = -5*v, 4*v - 16 = 0. What is the highest common divisor of d and 1143?
9
Let u(s) = s**3 + 15*s**2 + s + 7. Let f be u(-15). Let w = -5 - f. Let d be 9/(-6)*(0 + -6). Calculate the greatest common divisor of w and d.
3
Let q(c) = -c**2 + 6*c + 10. Let y be q(7). Let k(r) = r + 9. Let f be (-2)/4*0/(-3). Let m be k(f). What is the highest common factor of y and m?
3
Let z be 1/(-7) + 4*203/196. Let b(u) = 5 - 4*u**2 - 3 + 6*u**2 + 3*u. Let o be b(-2). What is the greatest common divisor of o and z?
4
Let k be (4/5)/(44/1760). What is the highest common divisor of 12 and k?
4
Let i(f) = -1. Let n(j) = -2*j + 14. Let h(c) = -12*i(c) - n(c). Let w be h(3). Suppose w*l + 80 = 8*l. Calculate the highest common divisor of l and 8.
4
Let u be (-6)/(-2*(-3)/(-20)). Suppose 2*l + u = 4*l. Let g = 17 - -3. What is the greatest common factor of g and l?
10
Suppose -d + 1 + 1 = 0. Suppose 2*i - 2*x - 48 - d = 0, 5*i + 4*x = 143. What is the greatest common factor of i and 243?
27
Let l(u) = 118*u + 1326. Let i be l(-11). Suppose 3*q + 2*q - 20 = 0. What is the greatest common factor of i and q?
4
Suppose 3*m - 13 - 8 = 0. Suppose -41*k = -281 - 293. What is the highest common factor of k and m?
7
Let k(g) be the first derivative of -g**3/3 - 10*g**2 - 16*g + 1. Let y be k(-16). Calculate the greatest common factor of y and 16.
16
Let c = -947 - -997. What is the highest common divisor of 400 and c?
50
Let u(a) = -3*a - 13. Let x be u(-6). Suppose -x + 20 = 3*b. Calculate the greatest common divisor of 15 and b.
5
Let h be 4/14 - (-138)/7. Suppose -2*s + 27 = 3*t, 4*s + 0*s = 3*t + 45. Suppose 14*x - s*x = 100. What is the greatest common factor of x and h?
10
Let u be (3 + -25)*(-1 + 0). Let j be 1*(4/2)/(6/(-21)). Let x(g) = -17*g - 9. Let f be x(j). What is the greatest common factor of f and u?
22
Suppose 62*c = 27856 + 9654. What is the greatest common divisor of c and 385?
55
Suppose -3*y + 12 = 0, -75*y = 5*t - 73*y - 638. Calculate the greatest common divisor of t and 28.
14
Let w be ((-6)/(96/56))/(2/(-4)). Suppose 15*v - 240 = w*v. Calculate the highest common divisor of 12 and v.
6
Suppose 7810 = 5*k + 3*a, -3*k - 2*a = -0*a - 4686. Calculate the greatest common factor of 44 and k.
22
Let o be (-80)/(-2) - 88/22. Calculate the highest common divisor of o and 126.
18
Let q = 454 + -268. What is the greatest common factor of 6 and q?
6
Let j(n) = -4*n - 12 - n**2 - 4*n + 9*n - 15*n. Let h be j(-8). What is the greatest common factor of h and 12?
12
Suppose -318*h + 306 = -312*h. Calculate the highest common divisor of h and 6.
3
Suppose 0 = 2*w + 3*w + 2*a + 157, 3*w = 3*a - 90. Let g = 11 - w. Suppose 9*i = 12*i - 189. Calculate the greatest common divisor of g and i.
21
Let m = -23 + 27. Suppose 7*z - 27 = m*z. What is the greatest common factor of z and 99?
9
Suppose -1799*k - 264 = -1807*k. What is the greatest common factor of 22 and k?
11
Let n be (-380)/(-28) + (-3)/(-7). Calculate the greatest common factor of 4032 and n.
14
Suppose 3*g - 6 = 0, 5*j - 124 = j + 2*g. Let w(t) = t**3 - 44*t**2 - 193*t + 56. Let p be w(48). What is the highest common factor of j and p?
8
Suppose -5*v = -5*b - 8*v + 7003, 0 = -3*v - 12. Calculate the greatest common factor of 23 and b.
23
Suppose -19840 + 2774 = -23*p. Calculate the greatest common factor of 14 and p.
14
Let v(w) = 22 - 13*w**2 - 2*w - w + w**3 - 8*w + 4*w**2. Let j be v(10). What is the highest common divisor of 108 and j?
12
Suppose 2*d + 3*d - 10 = 0. Let q be (-20)/(-8) - (10/4 - 2). Suppose -3*t = d*u - 289 - 72, 349 = q*u - t. Calculate the highest common factor of 16 and u.
16
Let d = -1 - -7. Let c be 16*d + (-5 - -5). Calculate the greatest common divisor of c and 12.
12
Suppose 47503 + 32633 = 56*z. Calculate the greatest common factor of 54 and z.
27
Let j be -3 - ((-150)/6)/5. Suppose 2*k + 6*k - 16 = 0. Calculate the highest common factor of j and k.
2
Suppose 40 = 5*b - 0*b. Suppose 9 - 25 = -4*k. What is the greatest common factor of b and k?
4
Let t(h) = h**2 + 37*h + 294. Let q be t(-9). Calculate the greatest common divisor of q and 210.
42
Let d be -2 + (4 - (0 + 0)). Let o = d - 1. Suppose 5*j - 200 = -20*j. What is the highest common factor of o and j?
1
Suppose 0 = -2*b + b + 96. Suppose s - 60 = 4*w, s + 3*w - 131 = -s. What is the highest common divisor of b and s?
32
Let d be 0 + (1 - (-16)/(-4)). Let z be (d + 29/3)*-3. Let l be (z/(-16))/(2/40). Calculate the greatest common factor of l and 5.
5
Let n be (-2 + 3)/(3/(-57)). Let g be 71796/228 - 2/n. Calculate the greatest common factor of g and 35.
35
Let r be (-1 + 1 + 1)*-2. Let g be r + 1 + -3 + 24. Suppose -6*k = -7*k + g. Calculate the greatest common divisor of 30 and k.
10
Let x = -40 + 95. Suppose -2*z + 7*z = n + x, -4*n = -20. Calculate the greatest common divisor of 132 and z.
12
Let h(v) = 49*v**2 - 1. Let n be h(-1). Suppose -40*m + n*m - 40 = 0. What is the highest common factor of 15 and m?
5
Let d(q) = 20*q**2 + 31*q + 17. Let b be d(-9). What is the greatest common factor of b and 14?
14
Let c be 65/6 + (-8)/(-48). Let h be 2 - 1 - -31 - -1. What is the greatest common divisor of c and h?
11
Let v be 252/21 + 2*-1*3. Calculate the highest common divisor of 6 and v.
6
Suppose -2*f - 215 + 1299 = -2*y, -1082 = -2*f + 3*y. Calculate the highest common divisor of f and 34.
34
Suppose 5*g - 27 + 272 = 5*m, 3*m - 187 = -5*g. What is the greatest common factor of 3 and m?
3
Suppose 2*n = 8 + 6. Suppose 110*v - 111*v - 4829 = 0. Let b be (-4)/(-42) - v/231. Calculate the greatest common factor of n and b.
7
Let a = -4 + 6. Suppose -a*r - 3*r + 45 = 0. Let i be 222/r - (-4)/(-6). What is the greatest common factor of i and 3?
3
Let i be 168/16 - (-3)/(-6). Suppose o + 3 = i. Calculate the greatest common divisor of 63 and o.
7
Let u = -36 + 39. Let q be ((-90)/(-75))/(u/40). Let b = 169 + -89. Calculate the highest common factor of q and b.
16
Suppose -3*r - 24 = -2*q + 388, -4*r = -3*q + 616. What is the greatest common divisor of 8 and q?
8
Suppose 37*z - 32*z = 25. Let y be (-4)/(-5) - (-101)/z. Let h = 1 + 6. What is the greatest common factor of h and y?
7
Let f = 12 + -10. Let j be (f/5)/((-2)/10). Let u(n) = -4*n - 2. Let s be u(j). Calculate the highest common divisor of 48 and s.
6
Let m be (-90)/25*15/(-2). Let b = m - 4. Let u(n) = 68*n + 1. Let i be u(1). Calculate the highest common divisor of b and i.
23
Let i(o) = -9*o + 2. Let g be i(-2). Let j be (-2 - (4 - 3)) + 4. Let k = j - -4. What is the highest common factor of k and g?
5
Suppose 79 = 3*p - 5*q, 2*p + 3*q = -24 + 102. Let g be (-1062)/(-24)*(22/6 + -1). Suppose -p = 5*z - g. What is the highest common divisor of 187 and z?
17
Let o = 301 + -149. What is the highest common divisor of 8 and o?
8
Let u be -37*(-6 + 2 + 3). Suppose -4 = 5*p - 159. Let g = u - p. What is the highest common factor of g and 2?
2
Let s = 211 + -151. Let h be 14 + 0 + (1 - 1). Let q = h + 26. Calculate the highest common factor of s and q.
20
Let f = 45 + -32. Let w(l) = 71*l + 1. Let v be w(2). What is the highest common factor of f and v?
13
Let a be -1 + 40 + 5 + -7. Let q = a - 1. Suppose q = 4*o - 0. Calculate the highest common divisor of o and 3.
3
Suppose 2*z + f = 6, 7 = 4*z + 4*f - 1. Let v(o) = -2 - 